4 - 6. What is y(h)?
1
Suppose o = 4*o. Let y(a) = o - 2*a - 1 + 5*a. Determine y(-1).
-4
Let r(w) be the first derivative of -2*w**2 + w + 1. Let p = 4 - 3. Calculate r(p).
-3
Let c(l) = 6*l**3 + 10*l**2 + 2*l + 5. Let q(d) = -d**3 - d**2. Let g(t) = -c(t) - 5*q(t). Calculate g(-5).
5
Let b(j) = 0 - 3 + 3*j - j. Let d(r) = -r - 5. Let a be d(-8). Calculate b(a).
3
Let h(x) be the third derivative of -x**6/120 + 7*x**5/60 - x**4/8 + 23*x**2. Determine h(6).
18
Let g(d) = d + 3. Let o(z) = -z - 1. Let n be o(-6). What is g(n)?
8
Let z(l) be the first derivative of -4*l**3/3 + l**2/2 + l - 5. What is z(-1)?
-4
Let l(j) = j**3 + 5*j**2 - 6*j - 5. Let v be 54/12*8/(-6). What is l(v)?
-5
Let w = 3 + -1. Let q(o) = -5 + w - 5*o**2 + 9*o + o**2 - 4. Let r(m) = 7*m**2 - 17*m + 13. Let p(n) = 5*q(n) + 3*r(n). Calculate p(6).
4
Let g(q) = -q**3 - 5*q**2 - 5*q - 2. Let c(h) = -2*h - 3. Let z be c(-3). Suppose -z = -4*j - 15. Give g(j).
-5
Suppose 0 = -u + 3*h + 6, -4*h = -2*u + 12 - 0. Suppose u*t - t - 5 = 0. Let r(o) = 3*o**2 + 4*o - 4*o**2 - 5*o. What is r(t)?
-2
Let q(w) = w**3 - 4*w**2 + w. Let s be q(4). Let m(f) = 2*f**2 - 5*f - 4. Determine m(s).
8
Let d(v) = -v**2 + 4*v - 1. Let t be d(1). Let a = 13 + -6. Let w(g) = -3*g + g**3 + a*g**t - 2*g**3 - 3*g**2 - 1. Calculate w(3).
-1
Let b(o) = 7*o**2 + 7*o - 18. Let x(c) = -6*c**2 - 6*c + 17. Let r(z) = -5*b(z) - 6*x(z). Calculate r(0).
-12
Let w(f) = -f**3 - 5*f**2 - f - 6. Suppose 0 = 2*k - 6*k - 8, -m + 2*k + 7 = 0. Suppose m*y = -0*y - 15. What is w(y)?
-1
Let u be (2 + 1)/((-6)/(-4)). Let d(c) = c**2 + u*c**2 + 0*c - 4*c - 4*c**2. Determine d(-4).
0
Suppose -4*g - 4*a - 9 = -3*g, 4*g - 21 = 3*a. Let b(m) = -m**3 + m**2 - 1. Let z(i) = 6*i**3 - 9*i**2 + i + 9. Let u(r) = -5*b(r) - z(r). Give u(g).
2
Let f = 3 - 2. Let b(m) = m**3 + m**2 - m. Let z be b(1). Let n(a) = 4*a**3 + 11*a**2 - 2*a - 5*a**3 + 2 - z - 10*a**2. Calculate n(f).
-1
Let y(h) be the second derivative of 0*h**2 - 7/6*h**3 + 6*h + 0. Calculate y(1).
-7
Let g = 3 - 8. Suppose 6*p - 3*p = -2*a - 4, -4*a = -p + 22. Let n(m) = 12 - m**3 - 5*m**p + 2 - 14. Calculate n(g).
0
Suppose -5*d = -2 - 8. Let s(n) be the first derivative of -d*n + 1/4*n**4 - 2 - 1/2*n**2 + 0*n**3. Calculate s(0).
-2
Let i(r) = -r**3 - 3*r**2 - 2*r - 3. Let x be i(-3). Let b(a) = a**2 - a. Let m be b(1). Let p(v) = -3 - v**2 + 1 + 4*v + m. Give p(x).
1
Let v(c) = c - 3. Let s(b) = -7*b**3 + b. Let x be s(1). Let h(p) = -4*p - 1. Let m be h(-4). Let l be x/9*m/(-2). What is v(l)?
2
Let d(t) be the first derivative of t**3/3 + 3*t**2/2 + 2*t + 4. Give d(-3).
2
Let v be (3 - 1) + 1 + -1. Suppose -5 = -w + v*w. Let s = 6 + w. Let g(a) = 4*a + 1. Give g(s).
5
Let a(p) = p**2 - 3*p - 3. Suppose -4 = 5*n - 29. Give a(n).
7
Let p = 5 - 5. Let h be p*(-2)/8*-2. Let k(i) = -i + 6. What is k(h)?
6
Suppose -3*z = -0*z - 12. Suppose -2*c - z*c = 0. Let i(d) = d**3 + d**2 + d - 15. What is i(c)?
-15
Suppose 14 = -2*a - 4*s, -2*a + 2*s + 3*s = -4. Let f = -2 - -2. Let x = a + f. Let r(p) = -p**2 - p - 4. Determine r(x).
-10
Let c = 14 - 12. Let k(d) = -2*d + 1. Let l(s) = s - 1. Suppose -2*r = -1 - 1. Let b(n) = r*k(n) + l(n). Calculate b(c).
-2
Let a(q) be the third derivative of -q**4/12 - q**3/3 + 2*q**2. Let c be a(-4). Let p(s) = 0*s**3 + 3 + 3 + c*s**3 - 5. Determine p(-1).
-5
Let g(s) = -s**2 - s - 1. Let u(k) = 5*k**2 + k - 1. Let j(o) = -4*g(o) - u(o). Let n(x) = x**3 - 7*x**2 + 6*x + 5. Let c be n(6). Determine j(c).
-5
Let o(h) = -3*h + 1 - 4 + h + h. What is o(-3)?
0
Let o(v) = 3*v**2 + 2*v - 1. Let r(q) = -3*q + 7. Let u be r(3). Give o(u).
7
Suppose -c + 12 = 2*c. Let x = 7 - c. Let i(v) = -3 - x*v + v - v. What is i(-3)?
6
Let b(j) = -j**2 - 2*j + 1. Let x be (-28)/182 + (-24)/13. What is b(x)?
1
Let x(q) be the second derivative of -2*q + 2*q**2 + 0 + 1/12*q**4 + 5/6*q**3. Let h = 2 - 6. Give x(h).
0
Let w be (-1 - -1) + (2 - 1). Let j(s) = -4*s + w + s + s. Suppose 0 = -3*b + 12, 4*b = 3*z + z. Determine j(z).
-7
Let b(s) = -2*s**2 - 18*s - 22. Let o be b(-7). Let l(p) = -p**2 + 7*p - 6. What is l(o)?
0
Suppose -3*a + 0*a = -z - 3, 3*a + 3 = 3*z. Let c(u) = -u**2 + 2. Calculate c(z).
-7
Suppose 3*l - 11 - 1 = -3*g, l - 4 = -3*g. Let i(y) = y**3 + 2*y**2 - y - 3. Let p(v) = 5*v**3 + 9*v**2 - 4*v - 13. Let w(q) = -9*i(q) + 2*p(q). Calculate w(g).
1
Let n(f) = f**2 + 6*f. Let j be n(-6). Let x(m) = 0 + m + j. Let l(y) = -8*y**2 - 6*y + 1. Let w(u) = -l(u) - 6*x(u). Calculate w(-1).
7
Let h = 5 - 1. Suppose -h*b = -11 - 1. Let i(l) = -l**2 + b - 1 + 2. Give i(3).
-5
Let x(z) be the first derivative of -1/2*z**2 - 2*z - 1 + 1/3*z**3. Suppose -2*p + 8 + 4 = 2*i, -5*p + 3*i + 6 = 0. Calculate x(p).
4
Let v(x) = -x**2 + 12*x - 8. Let k be v(12). Let a = k + 12. Let b(d) = d**3 - 5*d**2 + 6*d - 4. Give b(a).
4
Suppose -j = -2*w + 39, 2*w + j = -w + 66. Suppose -u + 2*f = u + 6, 0 = 4*u + 5*f + w. Let c(m) = 2*m + 6. Calculate c(u).
-2
Let l(y) = 5*y - 6*y + 4*y. Give l(1).
3
Let s(t) = 5*t**3 + 2*t**2 - 1. Let r(l) = 3*l**2 + 4*l + 2. Let f be r(-2). Suppose f - 2 = 4*m. What is s(m)?
6
Let n(r) = 6 - 6 - 5*r. What is n(-1)?
5
Let g(w) be the first derivative of w**4/24 - w**3/3 - w**2/2 - 3. Let r(h) be the second derivative of g(h). Calculate r(3).
1
Let y(o) be the first derivative of -o**4/4 + o**3/3 - o**2/2 + 8*o + 1. Let j(q) = -2*q - 9. Let f be j(-9). Let i = 9 - f. Give y(i).
8
Let w(b) = -b + 3. Let g be w(3). Let d(c) be the second derivative of -c**3/6 + 5*c**2/2 - 2*c. Determine d(g).
5
Suppose 3*k + 0*k = -33. Let j = k - -9. Let p(o) be the second derivative of -o**5/20 - o**2/2 + 2*o. Give p(j).
7
Let p(b) = -4*b + 2*b - 10 + 3*b. Suppose 2*z = -2*d + 2, 3 = 3*z - 0*z. Give p(d).
-10
Let q = -4 + 3. Let x(n) be the third derivative of -n**8/10080 + n**6/720 - n**5/60 - 3*n**2. Let d(s) be the third derivative of x(s). What is d(q)?
-1
Let u = -30 + 25. Let b(p) be the third derivative of p**6/120 + p**5/10 + p**4/4 + p**3 + 2*p**2. Give b(u).
1
Let t(d) be the second derivative of d**5/20 - d**4/12 - d**3/6 - 5*d**2/2 - 14*d. Determine t(0).
-5
Let u(y) = y**2 + 3. Let c(t) = -t**2 + 4*t + 7. Let q be c(5). Suppose 3*k - q*k + 2 = 3*v, -3*v + 5*k + 10 = 0. Give u(v).
3
Let f(h) = 20*h - 6*h**2 + h**3 - h - 14*h. Determine f(5).
0
Suppose q = -5, 0*f + 3*f + 7 = 4*q. Let c(r) = -r**3 - 8*r**2 + 11*r + 12. What is c(f)?
-6
Let v be (8/5)/(5/25). Let s(u) = -u**2 + 10*u - 9. Let m be s(v). Let d(t) = -t + 2. What is d(m)?
-5
Let t(o) = o**2 - 3*o + 1. Suppose 5*s + 27 = -3*c, -4*c = -2*c + 5*s + 23. Let m = 8 + c. What is t(m)?
5
Let v = 7 + -4. Suppose -2*d + 2*g = 3*d + 10, -15 = 3*d - v*g. Let j(p) = p - 2. Calculate j(d).
-2
Let c(x) = -13*x**3 - 3*x**2 + 29*x - 2. Let o(y) = -7*y**3 - y**2 + 15*y - 1. Let m(q) = 6*c(q) - 11*o(q). Determine m(-8).
-9
Let w = -36 + 36. Let u(m) = -3*m**2 + 5*m - 15. Let l(c) = 2*c**2 - 4*c + 14. Let n(g) = 4*l(g) + 3*u(g). What is n(w)?
11
Let i(j) = -14*j**2 - 6*j + 6. Let r(b) = 15*b**2 + 5*b - 5. Let m(w) = 6*i(w) + 7*r(w). Calculate m(1).
21
Let u(z) = 2*z + 28. Let f be u(-12). Suppose f*l - 4 = -16. Let x(d) = -d**3 - 3*d**2 - 2*d - 3. What is x(l)?
3
Let o(r) = r**3 - 2*r**3 + 106*r - 3*r**2 + 1 - 107*r. Let v = 0 + -2. Calculate o(v).
-1
Let a(b) = -3*b**2 + 15*b - 1. Suppose 2*v + w + 18 = 5*w, 0 = 5*v - 5*w + 40. Let x(j) = -2*j**2 + 8*j - 1. Let q(n) = v*x(n) + 4*a(n). Calculate q(-3).
9
Let y(n) = n**2 - 5*n. Let s be y(6). Let u(m) be the first derivative of m**2 - 6*m - 14. Calculate u(s).
6
Let t(a) be the third derivative of 1/24*a**4 + 0 + 11*a**2 + 1/3*a**3 + 0*a. Give t(-3).
-1
Let c(r) be the second derivative of r**6/360 + r**5/24 + 7*r**3/6 + 4*r. Let f(y) be the second derivative of c(y). Give f(-5).
0
Let m(c) = -13*c + 0*c + 8*c + c**2 + 7. Give m(5).
7
Let y(h) = 5*h**2 + 7*h + 5. Let i(a) = -4*a**2 - 6*a - 4. Let q(t) = 6*i(t) + 5*y(t). Let c be (3/4)/((-1)/4). Determine q(c).
13
Let d(c) = 1 - c - c + 1. Let n(o) = -2*o + 9. Let q(m) = m - 5. Let w(y) = 3*n(y) + 7*q(y). Let j be w(6). What is d(j)?
6
Let p(i) = -i**2 + 1. Let y(j) = 2*j - 5. Let b be y(3). Give p(b).
0
Let b(q) = 7 + 8*q**2 + 0 - 3*q - q**3 - 2*q**2 - q**2. Calculate b(5).
-8
Let m(g) = -g**3 + 3*g**2 - 2*g + 1. Let v